{"id":46,"date":"2021-12-17T16:42:54","date_gmt":"2021-12-17T16:42:54","guid":{"rendered":"https:\/\/vikingpodden.no\/?page_id=46"},"modified":"2022-05-15T01:44:05","modified_gmt":"2022-05-15T01:44:05","slug":"about","status":"publish","type":"page","link":"https:\/\/vikingpodden.no\/?page_id=46","title":{"rendered":"Om Vikingpodden"},"content":{"rendered":"\n<p>Vikingpodden er en supporterpodcast om de m\u00f8rkebl\u00e5 \u2014 laget fra Stavanger: <a rel=\"noreferrer noopener\" href=\"https:\/\/www.vikingfotball.no\" data-type=\"URL\" data-id=\"https:\/\/www.vikingfotball.no\" target=\"_blank\">Viking FK<\/a> \u2014 byens og regionens stolthet.<\/p>\n\n\n\n<figure class=\"wp-block-image size-large\"><img loading=\"lazy\" width=\"1024\" height=\"341\" src=\"https:\/\/vikingpodden.no\/wp-content\/uploads\/2021\/12\/HeaderTwitterv3-1024x341.png\" alt=\"\" class=\"wp-image-76\" srcset=\"https:\/\/vikingpodden.no\/wp-content\/uploads\/2021\/12\/HeaderTwitterv3-1024x341.png 1024w, https:\/\/vikingpodden.no\/wp-content\/uploads\/2021\/12\/HeaderTwitterv3-300x100.png 300w, https:\/\/vikingpodden.no\/wp-content\/uploads\/2021\/12\/HeaderTwitterv3-768x256.png 768w, https:\/\/vikingpodden.no\/wp-content\/uploads\/2021\/12\/HeaderTwitterv3-1200x400.png 1200w, https:\/\/vikingpodden.no\/wp-content\/uploads\/2021\/12\/HeaderTwitterv3.png 1500w\" sizes=\"(max-width: 1024px) 100vw, 1024px\" \/><\/figure>\n\n\n\n<p>Vi gir ut podcast-episoder etter hver kamp i Eliteserien og spiller ofte inn episoder med profilerte gjester. Du kan lytte til Vikingpodden der du h\u00f8rer podcasts, eller ved \u00e5 trykke p\u00e5 <em>siste episode\/gjester<\/em> i menyen \u00f8verst p\u00e5 denne siden. Enkelte episoder filmes ogs\u00e5. Disse gis ut i <a rel=\"noreferrer noopener\" href=\"https:\/\/www.youtube.com\/channel\/UCAc0Dg1edp4_xBXNw2gP4xQ\/\" target=\"_blank\">podcastens Youtube-kanal<\/a>.<\/p>\n\n\n\n<p>Vi er ogs\u00e5 tilstede p\u00e5 utvalgte sosiale medier. Her finner du spillerb\u00f8rs, intervjuer og annet innhold. Klikk linkene nederst p\u00e5 denne siden for \u00e5 finne oss i sosiale medier.<\/p>\n\n\n\n<p>Vikingpodden er en uavhengig podcast som driftes av f\u00f8lgende personer.<\/p>\n\n\n\n<h2 class=\"has-text-align-center\">Grunnleggerne<\/h2>\n\n\n\n<div class=\"wp-block-media-text alignwide is-stacked-on-mobile is-vertically-aligned-top\" style=\"grid-template-columns:25% auto\"><figure class=\"wp-block-media-text__media\"><img loading=\"lazy\" width=\"1024\" height=\"1024\" src=\"https:\/\/vikingpodden.no\/wp-content\/uploads\/2021\/12\/Torjer-1024x1024.jpg\" alt=\"\" class=\"wp-image-311 size-full\" srcset=\"https:\/\/vikingpodden.no\/wp-content\/uploads\/2021\/12\/Torjer-1024x1024.jpg 1024w, https:\/\/vikingpodden.no\/wp-content\/uploads\/2021\/12\/Torjer-300x300.jpg 300w, https:\/\/vikingpodden.no\/wp-content\/uploads\/2021\/12\/Torjer-150x150.jpg 150w, https:\/\/vikingpodden.no\/wp-content\/uploads\/2021\/12\/Torjer-768x768.jpg 768w, https:\/\/vikingpodden.no\/wp-content\/uploads\/2021\/12\/Torjer.jpg 1200w\" sizes=\"(max-width: 1024px) 100vw, 1024px\" \/><\/figure><div class=\"wp-block-media-text__content\">\n<h3>Torjer<\/h3>\n\n\n\n<p><em>Evig student fra Eiganes<\/em>.<\/p>\n\n\n\n<p><a href=\"https:\/\/twitter.com\/viking_gutten\" target=\"_blank\" rel=\"noreferrer noopener\">@viking_gutten<\/a><\/p>\n<\/div><\/div>\n\n\n\n<div class=\"wp-block-media-text alignwide is-stacked-on-mobile is-vertically-aligned-top\" style=\"grid-template-columns:25% auto\"><figure class=\"wp-block-media-text__media\"><img loading=\"lazy\" width=\"861\" height=\"861\" src=\"https:\/\/vikingpodden.no\/wp-content\/uploads\/2021\/12\/Lars2-1.png\" alt=\"\" class=\"wp-image-320 size-full\" srcset=\"https:\/\/vikingpodden.no\/wp-content\/uploads\/2021\/12\/Lars2-1.png 861w, https:\/\/vikingpodden.no\/wp-content\/uploads\/2021\/12\/Lars2-1-300x300.png 300w, https:\/\/vikingpodden.no\/wp-content\/uploads\/2021\/12\/Lars2-1-150x150.png 150w, https:\/\/vikingpodden.no\/wp-content\/uploads\/2021\/12\/Lars2-1-768x768.png 768w\" sizes=\"(max-width: 861px) 100vw, 861px\" \/><\/figure><div class=\"wp-block-media-text__content\">\n<h3>Lars<\/h3>\n\n\n\n<p><em>L\u00e6reren fra Madla<\/em>.<\/p>\n\n\n\n<p><a href=\"https:\/\/twitter.com\/LarsRisan\" target=\"_blank\" rel=\"noreferrer noopener\">@LarsRisan<\/a><\/p>\n<\/div><\/div>\n\n\n\n<div class=\"wp-block-media-text alignwide is-stacked-on-mobile is-vertically-aligned-top\" style=\"grid-template-columns:25% auto\"><figure class=\"wp-block-media-text__media\"><img loading=\"lazy\" width=\"1024\" height=\"1024\" src=\"https:\/\/vikingpodden.no\/wp-content\/uploads\/2021\/12\/Aleks-1024x1024.jpg\" alt=\"\" class=\"wp-image-312 size-full\" srcset=\"https:\/\/vikingpodden.no\/wp-content\/uploads\/2021\/12\/Aleks-1024x1024.jpg 1024w, https:\/\/vikingpodden.no\/wp-content\/uploads\/2021\/12\/Aleks-300x300.jpg 300w, https:\/\/vikingpodden.no\/wp-content\/uploads\/2021\/12\/Aleks-150x150.jpg 150w, https:\/\/vikingpodden.no\/wp-content\/uploads\/2021\/12\/Aleks-768x768.jpg 768w, https:\/\/vikingpodden.no\/wp-content\/uploads\/2021\/12\/Aleks.jpg 1200w\" sizes=\"(max-width: 1024px) 100vw, 1024px\" \/><\/figure><div class=\"wp-block-media-text__content\">\n<h3>Aleksander<\/h3>\n\n\n\n<p><a href=\"https:\/\/twitter.com\/einAleksander\" target=\"_blank\" rel=\"noreferrer noopener\">@einAleksander<\/a><\/p>\n<\/div><\/div>\n\n\n\n<h2 class=\"has-text-align-center\">Faste bidragsytere<\/h2>\n\n\n\n<div class=\"wp-block-media-text alignwide is-stacked-on-mobile\"><figure class=\"wp-block-media-text__media\"><\/figure><div class=\"wp-block-media-text__content\">\n<h3>P\u00e5l<\/h3>\n\n\n\n<p><a href=\"https:\/\/twitter.com\/LemonLenny\" target=\"_blank\" rel=\"noreferrer noopener\">@LemonLenny<\/a><\/p>\n<\/div><\/div>\n\n\n\n<div class=\"wp-block-media-text alignwide is-stacked-on-mobile\"><figure class=\"wp-block-media-text__media\"><\/figure><div class=\"wp-block-media-text__content\">\n<h3>Bjarte<\/h3>\n\n\n\n<p><a href=\"https:\/\/twitter.com\/bostebo\" target=\"_blank\" rel=\"noreferrer noopener\">@bostebo<\/a><\/p>\n<\/div><\/div>\n\n\n\n<div class=\"wp-block-media-text alignwide is-stacked-on-mobile\"><figure class=\"wp-block-media-text__media\"><\/figure><div class=\"wp-block-media-text__content\">\n<h3>Werner<\/h3>\n\n\n\n<p><a href=\"https:\/\/twitter.com\/WernerEngHansen\" target=\"_blank\" rel=\"noreferrer noopener\">@WernerEngHansen<\/a><\/p>\n<\/div><\/div>\n","protected":false},"excerpt":{"rendered":"<p>Vikingpodden er en supporterpodcast om de m\u00f8rkebl\u00e5 \u2014 laget fra Stavanger: Viking FK \u2014 byens og regionens stolthet. Vi gir ut podcast-episoder etter hver kamp i Eliteserien og spiller ofte inn episoder med profilerte gjester. Du kan lytte til Vikingpodden der du h\u00f8rer podcasts, eller ved \u00e5 trykke p\u00e5 siste episode\/gjester i menyen \u00f8verst p\u00e5 [&hellip;]<\/p>\n","protected":false},"author":2,"featured_media":0,"parent":0,"menu_order":0,"comment_status":"closed","ping_status":"closed","template":"templates\/template-full-width.php","meta":[],"_links":{"self":[{"href":"https:\/\/vikingpodden.no\/index.php?rest_route=\/wp\/v2\/pages\/46"}],"collection":[{"href":"https:\/\/vikingpodden.no\/index.php?rest_route=\/wp\/v2\/pages"}],"about":[{"href":"https:\/\/vikingpodden.no\/index.php?rest_route=\/wp\/v2\/types\/page"}],"author":[{"embeddable":true,"href":"https:\/\/vikingpodden.no\/index.php?rest_route=\/wp\/v2\/users\/2"}],"replies":[{"embeddable":true,"href":"https:\/\/vikingpodden.no\/index.php?rest_route=%2Fwp%2Fv2%2Fcomments&post=46"}],"version-history":[{"count":30,"href":"https:\/\/vikingpodden.no\/index.php?rest_route=\/wp\/v2\/pages\/46\/revisions"}],"predecessor-version":[{"id":644,"href":"https:\/\/vikingpodden.no\/index.php?rest_route=\/wp\/v2\/pages\/46\/revisions\/644"}],"wp:attachment":[{"href":"https:\/\/vikingpodden.no\/index.php?rest_route=%2Fwp%2Fv2%2Fmedia&parent=46"}],"curies":[{"name":"wp","href":"https:\/\/api.w.org\/{rel}","templated":true}]}}